 divided by 64.
43
What is the remainder when 3803053 is divided by 633838?
25
Calculate the remainder when 464820 is divided by 4264.
44
What is the remainder when 89003 is divided by 12699?
110
Calculate the remainder when 1196144 is divided by 596.
568
Calculate the remainder when 3200116 is divided by 770.
766
What is the remainder when 48435 is divided by 15180?
2895
Calculate the remainder when 410501 is divided by 99.
47
What is the remainder when 63045 is divided by 6286?
185
Calculate the remainder when 1673860 is divided by 842.
806
What is the remainder when 69988156 is divided by 88?
84
Calculate the remainder when 178407 is divided by 3374.
2959
Calculate the remainder when 761518 is divided by 11.
10
What is the remainder when 33523074 is divided by 4058?
3994
What is the remainder when 1018067 is divided by 63628?
19
Calculate the remainder when 1040638 is divided by 448.
382
What is the remainder when 24823845 is divided by 2277?
2268
What is the remainder when 55282198 is divided by 4776?
4774
Calculate the remainder when 141326577 is divided by 15.
12
Calculate the remainder when 13288137 is divided by 40761.
51
Calculate the remainder when 60653 is divided by 2421.
128
What is the remainder when 30016 is divided by 27?
19
Calculate the remainder when 135879 is divided by 223.
72
Calculate the remainder when 45655 is divided by 1704.
1351
What is the remainder when 1303780 is divided by 291?
100
What is the remainder when 38057 is divided by 162?
149
What is the remainder when 20975 is divided by 5088?
623
What is the remainder when 10170655 is divided by 2401?
19
Calculate the remainder when 67318 is divided by 1723.
121
Calculate the remainder when 189970 is divided by 812.
774
Calculate the remainder when 49736 is divided by 712.
608
What is the remainder when 39253 is divided by 37524?
1729
Calculate the remainder when 885332 is divided by 840.
812
Calculate the remainder when 15817 is divided by 3935.
77
Calculate the remainder when 22678 is divided by 11193.
292
Calculate the remainder when 32039 is divided by 952.
623
What is the remainder when 124807 is divided by 13838?
265
Calculate the remainder when 1018198 is divided by 3611.
3507
Calculate the remainder when 16106886 is divided by 192.
6
What is the remainder when 16029901 is divided by 641196?
1
Calculate the remainder when 9243779 is divided by 108.
59
What is the remainder when 104029 is divided by 12766?
1901
Calculate the remainder when 1015272 is divided by 49.
41
Calculate the remainder when 228202 is divided by 7868.
30
Calculate the remainder when 8499860 is divided by 388.
332
Calculate the remainder when 81373 is divided by 89.
27
Calculate the remainder when 82258762 is divided by 6737.
6729
What is the remainder when 75887422 is divided by 25295805?
7
Calculate the remainder when 130736 is divided by 540.
56
What is the remainder when 901732 is divided by 1019?
936
What is the remainder when 190488 is divided by 6?
0
What is the remainder when 5157131 is divided by 193?
171
What is the remainder when 1616568 is divided by 146953?
85
What is the remainder when 34138 is divided by 10829?
1651
What is the remainder when 2095767 is divided by 21?
9
Calculate the remainder when 2647264 is divided by 229.
24
Calculate the remainder when 2426846 is divided by 25013.
585
Calculate the remainder when 364532 is divided by 226.
220
Calculate the remainder when 336277 is divided by 1390.
1287
Calculate the remainder when 614263 is divided by 3569.
395
What is the remainder when 725266 is divided by 2054?
204
Calculate the remainder when 2171355 is divided by 62.
53
What is the remainder when 184792 is divided by 10869?
19
What is the remainder when 23181 is divided by 6657?
3210
What is the remainder when 95277900 is divided by 47638931?
38
Calculate the remainder when 254881 is divided by 172.
149
What is the remainder when 8670270 is divided by 28150?
70
What is the remainder when 29973773 is divided by 167451?
44
Calculate the remainder when 294840714 is divided by 98280236.
6
Calculate the remainder when 8162726 is divided by 1020304.
294
What is the remainder when 13353104 is divided by 14312?
8
Calculate the remainder when 35623653 is divided by 35.
23
What is the remainder when 83636 is divided by 20899?
40
What is the remainder when 28552972 is divided by 125784?
4
What is the remainder when 179301847 is divided by 3263?
3260
What is the remainder when 303151 is divided by 4018?
1801
Calculate the remainder when 511890 is divided by 255725.
440
What is the remainder when 140077 is divided by 12729?
58
Calculate the remainder when 1278485 is divided by 24.
5
What is the remainder when 102634 is divided by 20001?
2629
What is the remainder when 62881994 is divided by 11181?
50
Calculate the remainder when 2647 is divided by 2205.
442
Calculate the remainder when 266418959 is divided by 186.
185
What is the remainder when 851298 is divided by 760?
98
Calculate the remainder when 6498406 is divided by 41129.
24
Calculate the remainder when 202192 is divided by 310.
72
What is the remainder when 91935 is divided by 3169?
34
Calculate the remainder when 5138821 is divided by 1153.
1053
What is the remainder when 29145961 is divided by 5829183?
46
What is the remainder when 11200022 is divided by 861540?
2
What is the remainder when 26346806 is divided by 597?
2
What is the remainder when 164391 is divided by 81714?
963
What is the remainder when 639331 is divided by 58?
55
Calculate the remainder when 1951205 is divided by 164.
97
What is the remainder when 1984119 is divided by 174?
171
What is the remainder when 144118 is divided by 3695?
13
What is the remainder when 1487207 is divided by 10?
7
Calculate the remainder when 3196758 is divided by 411.
0
What is the remainder when 35844820 is divided by 103?
99
Calculate the remainder when 1230772 is divided by 1802.
6
What is the remainder when 2176017 is divided by 843?
234
Calculate the remainder when 848434 is divided by 212063.
182
Calculate the remainder when 215166 is divided by 75.
66
Calculate the remainder when 201160 is divided by 860.
780
What is the remainder when 14031189 is divided by 118?
45
What is the remainder when 538567 is divided by 179512?
31
What is the remainder when 3452640 is divided by 143854?
144
Calculate the remainder when 17134645 is divided by 11310.
11305
Calculate the remainder when 93154 is divided by 3394.
1516
What is the remainder when 72230 is divided by 8005?
185
Calculate the remainder when 8510061 is divided by 421.
388
Calculate the remainder when 263123 is divided by 783.
35
What is the remainder when 56681 is divided by 2263?
106
Calculate the remainder when 4542248 is divided by 38.
32
Calculate the remainder when 15092685 is divided by 59187.
0
Calculate the remainder when 12293351 is divided by 43.
38
What is the remainder when 3120 is divided by 742?
152
What is the remainder when 26945 is divided by 6584?
609
Calculate the remainder when 436477 is divided by 2930.
2837
Calculate the remainder when 17873116 is divided by 50.
16
Calculate the remainder when 392326 is divided by 130647.
385
What is the remainder when 240619 is divided by 120033?
553
What is the remainder when 23087527 is divided by 1308?
19
Calculate the remainder when 652821 is divided by 472.
45
What is the remainder when 10468898 is divided by 5234438?
22
What is the remainder when 6936432 is divided by 17341?
32
What is the remainder when 723392 is divided by 120529?
218
What is the remainder when 37745 is divided by 1635?
140
What is the remainder when 77701 is divided by 15172?
1841
Calculate the remainder when 629491 is divided by 8624.
8563
What is the remainder when 46068 is divided by 13700?
4968
Calculate the remainder when 22609266 is divided by 85.
31
What is the remainder when 556775 is divided by 185553?
116
Calculate the remainder when 3212 is divided by 1753.
1459
What is the remainder when 5004310 is divided by 2502108?
94
What is the remainder when 245442 is divided by 774?
84
What is the remainder when 150580 is divided by 3792?
2692
What is the remainder when 107552821 is divided by 25?
21
Calculate the remainder when 2076366 is divided by 103818.
6
What is the remainde